uppose w + 0*y = -3*y + 3958, y = 4*w - 15767. What is the thousands digit of w?
3
Let c(o) = -o**3 + 8*o**2 + 6*o + 9. Let z be c(7). Let l(g) = -100 - g**2 + z - 10*g**3. What is the units digit of l(-1)?
9
Let q = 0 - 5. Let j = q + 9. Suppose g - 260 = -4*s + 4*g, j*s = 2*g + 260. What is the units digit of s?
5
What is the hundreds digit of ((-1490)/15)/(1/(-9))?
8
Let r = 39 + 98. Let u = r + -69. What is the tens digit of u?
6
Let c = 1 + 2. Let r be (-2)/(c + -2)*-2. Suppose 0 = -r*u + 37 + 19. What is the tens digit of u?
1
Suppose -3*f + 222 = -0*f. Let y be 1/(-1) - (-17)/17. Suppose -4*t + 2*t + f = y. What is the tens digit of t?
3
Let u(s) = -s + 7. Let n be u(4). Suppose 6*i = -n*i + 936. What is the tens digit of i?
0
Let l(x) = -x**2 - 7*x - 2. Suppose 2*m + 15 = -m. Let v be l(m). Suppose p - 15 = v. What is the units digit of p?
3
Let t(d) = 5*d + 3. Let a be t(-2). Let n(b) = 6*b**2 + 19*b - 1. What is the units digit of n(a)?
0
Let k be 21/6 + (-2)/(-4). Suppose -s + 4 = -k. Suppose -s*t = -4*t - 24. What is the units digit of t?
6
Let c(x) = 65*x**2 - 5*x + 4. Let p(z) = 32*z**2 - 3*z + 2. Let v(w) = -2*c(w) + 5*p(w). What is the hundreds digit of v(2)?
1
Suppose -242 = -5*r - 2*z + 93, 2*z - 75 = -r. Suppose -3*k = -r - 58. What is the tens digit of k?
4
Let g(p) = 2*p**2 + 7*p + 4*p**2 - 7*p**2 + 7. Let x be g(9). Let a(o) = -o**2 - 10*o + 13. What is the units digit of a(x)?
2
Suppose 0 = m - 5*m + 12. Suppose -2*z - 6 = 0, 3*x + 3*z = m - 0. Suppose h + 15 = x*h, h = -4*s + 85. What is the units digit of s?
0
Let m(i) = -2*i**3 - i**2 + i - 5. Let o be m(-4). Suppose y - 30 - o = 4*x, -4*y + x + 502 = 0. Suppose 0 = 2*s + 3*s - y. What is the tens digit of s?
2
Let n = -817 - -1185. What is the tens digit of n/10*(13 + -8)?
8
Let m(i) = -3*i + 15. Suppose 0*a = 4*a. Suppose l = -2*s - 1, 2*l + a*s - s = -22. What is the units digit of m(l)?
2
What is the tens digit of (3 - -1626)/1 + -10 + 10?
2
Let b(m) = m**3 + 14*m**2 + 13*m + 6. Let v be b(-13). Suppose 0 = 2*a + 4*x - 100, 118 = 2*a - v*x + x. What is the units digit of a?
4
Let v be 5 - (236*-1 + -4). Let r = 354 - v. What is the hundreds digit of r?
1
Suppose 26*t - 18781 - 12367 = 0. What is the units digit of t?
8
Suppose 36 = -47*m + 51*m. Suppose a = -r + 226, m*a + 4*r = 4*a + 1125. What is the hundreds digit of a?
2
Suppose -4*b + 116 + 32 = 0. Let y = 70 - b. Suppose 7*l + 3*q - 142 = 2*l, -y = -l + 4*q. What is the units digit of l?
9
Suppose 0 = -5*s + 4*q + 7959, -5*s + 12*q + 7963 = 9*q. What is the hundreds digit of s?
5
Let c(b) = b**3 + 10*b**2 - 14*b - 18. Let y be c(-11). Let d = 56 - y. What is the units digit of d?
1
Let u be 0/(-2*3/(-6)). Suppose u = -5*x - 22 - 3. Let c = -3 - x. What is the units digit of c?
2
Let p be 2/13 - 96/(-52). Suppose -99 = -p*d - 5*b, 3*d - 4*d = -b - 67. What is the tens digit of d?
6
Suppose 18*r + r = 7790. What is the units digit of r?
0
Let x(z) = -119*z + 18. What is the hundreds digit of x(-4)?
4
Suppose 0 = -34*q + 108285 - 15465. What is the units digit of q?
0
Suppose 5*z = -4*z + 25461. What is the tens digit of z?
2
Let j(r) = 4 - 4 - 26*r - 2. Let k be j(2). What is the tens digit of k/(-5)*10/4?
2
Let d(l) = 3449*l**3 - l**2 + l + 1. What is the units digit of d(1)?
0
What is the units digit of (-5999)/(-2) - (-14)/(-112)*4?
9
Let s(z) = 2*z**3 + 2*z**2 + z. Let b be s(-1). What is the units digit of -1 + b/1*-14?
3
Suppose 4*f = -5*l + 2999, 2*f - 675 - 829 = 2*l. What is the units digit of f?
1
Suppose 3*v = b + 5597, -v + 1857 = b + 3*b. What is the tens digit of v?
6
Let w(d) = 89*d**2 - 6*d + 25. What is the tens digit of w(4)?
2
Suppose -16*g = -12*g - 28. Suppose j + g*j = -2600. What is the tens digit of j/(-4) - (-3)/(-12)?
8
Suppose -7*w = -9*w + 10. Let j(x) = x**2 + 5*x + 8. Let t be j(-6). Suppose -4*h + h + w*b = -2, -t = -h - b. What is the units digit of h?
9
Suppose -55*n = -59*n + 14744. What is the hundreds digit of n?
6
Suppose 0 = -3*w, -4*w - 35 = -3*f - 5. What is the units digit of 163/7 + f/(-35)?
3
Let h = 141 + -109. What is the tens digit of h?
3
Let t be (-1 + -7 - -3)*102/(-10). Suppose 3*p - t - 3 = 0. What is the units digit of p?
8
Let m(j) = j**3 + 16*j**2 - 16*j + 15. Let n be m(-17). Let y be n/(-6) - 6/18. Suppose y = -b + 44 - 2. What is the tens digit of b?
4
Let p = -47 + 107. Suppose -p = -3*l - l. What is the units digit of l?
5
Let o be (2/(-9 - -5))/(1/26). Let n = 46 + o. What is the units digit of n?
3
Let x = 683 - -278. What is the units digit of x?
1
Let c = 35 - 21. Suppose z - c = 6. What is the units digit of (z/15)/((-2)/(-45))?
0
Suppose -8*n - 15055 + 39391 = 0. What is the hundreds digit of n?
0
What is the hundreds digit of 16/(-120) - (-53410)/75?
7
Let q(j) = -149*j**2 - 1. Let p be q(1). What is the units digit of 5*(-12)/p*315?
6
Suppose 9*l = -l - 30. Let j(d) = -11*d**3 + d**2 + 9*d + 7. What is the units digit of j(l)?
6
Let d = -390 + 679. What is the hundreds digit of d?
2
Let k(u) = 2*u**3 - 7*u**2 - 3*u + 7. Let v(y) = 2*y**3 + 6*y**2 - 10*y - 3. Let c be v(-4). What is the units digit of k(c)?
7
Suppose 5*o - 225 = -45. Suppose -n - 2*t = -o, -2*n + 5*t + 97 = 4*t. What is the tens digit of n?
4
Let r = 39 - 29. What is the tens digit of r/(4/(-6) - (-11)/12)?
4
Let u be 28*(3 - 5 - 0). Let z = 108 + u. What is the units digit of z?
2
Let p(f) = 12*f**2 - 16*f - 19. What is the tens digit of p(10)?
2
Let v = 6 - 0. Let y be 3*4/6*v. Suppose -10 = 11*l - y*l. What is the units digit of l?
0
Let a(d) = -2*d**3 - 6*d**2 - d + 7. Let v be 3/(-12) - (-133)/(-28). What is the hundreds digit of a(v)?
1
Suppose 0 = 44*h - 42*h - 992. What is the hundreds digit of h?
4
Let x(h) = -13*h**2 - h**2 - 9*h**2. Let m be x(-1). Let w = m + 36. What is the units digit of w?
3
What is the hundreds digit of (-2144)/(-9) - (-12)/648*-12?
2
Suppose -2*y - 2*y - 359 = -5*r, -3*r = -5*y - 218. What is the tens digit of (-8)/12*-6 + r?
7
Let m(r) = -r**2 + 12*r + 1. Let k(t) = t**2 - 8. Let h be k(-4). What is the units digit of m(h)?
3
Let f(l) = 11. Let a(v) = -v + 11. Let m = 10 + -7. Let t(y) = m*a(y) - 4*f(y). What is the units digit of t(-5)?
4
Let b(c) = 1446*c**2 - 8*c + 7. What is the units digit of b(1)?
5
Let f be -24*-1*(-1 - -2). Suppose 5*p - 4 + f = 0. Let h = 31 - p. What is the tens digit of h?
3
Let o(q) = q**3 + 5*q**2 - 2*q + 12. Let c be o(-5). Let r be (-3)/(-12) - (-267)/4. Suppose -3*d = -r + c. What is the units digit of d?
5
Let g(n) = 3*n**2 + 178*n - 38. What is the hundreds digit of g(15)?
3
Let u be 70/(-4)*(-204)/10. Let c = 674 - u. What is the tens digit of c?
1
Let l(o) = -o**3 + 5*o**2 - 7*o + 14. Let c be l(4). Suppose 0 = -8*q + c*q + 144. What is the units digit of q?
4
Let q(a) = a**3 + 17*a**2 - a + 20. Let p(o) = -o**2 - 11*o + 2. Let h be p(-12). Let w be (h + -24)*(-2)/(-4). What is the units digit of q(w)?
7
Let g = 71 + -34. Suppose 5*c + 4*i + g + 59 = 0, -2*c = 3*i + 37. What is the units digit of 5/(c/(-8)) - -12?
4
Let n(u) = -20*u + 73. Let k(c) = 31*c - 110. Let m(d) = -5*k(d) - 8*n(d). What is the units digit of m(31)?
1
Let h(x) = -137*x**3 - 8*x**2 - x - 2. What is the thousands digit of h(-2)?
1
Suppose 0 = 4*v + 25 - 97. Let s be v*(-4 - (-39)/9). Suppose s*j - 2*j - 54 = -o, 3*j - 50 = 4*o. What is the tens digit of j?
1
Let i be (-3)/(3/6*2). Let s = -3 - i. What is the units digit of 26 + (s - 3) + -2?
1
Suppose -14*o + 3 = -95. What is the units digit of o?
7
Let a(l) = l**2 + 3*l + 14. Let b be ((-4)/(-6))/((-4)/114). What is the hundreds digit of a(b)?
3
Suppose -26*j + 4 = -25*j. What is the units digit of (6/j)/(30/880)?
4
Let s = -107 - -105. What is the units digit of (-4)/8*1 - 17/s?
8
Let l(t) = -t**3 - 11*t**2 + 12*t + 1. Let x be l(-12). What is the tens digit of ((-24)/5)/6*(x + -151)?
2
Suppose -5*k + 11810 = -5*r, -13*r + 12*r + 9453 = 4*k. What is the thousands digit of k?
2
Let x(r) = 195*r**2 - r. Let b be x(-1). Suppose -b = -v - 4*v - y, v - 4*y = 35. What is the units digit of v?
9
Suppose 979 - 255 = g. What is the tens digit of g?
2
Let n(c) = c**2 + 13*c + 4. Let d be n(-13). Suppose -19 = 3*s - d*s. What is the units digit of s?
9
What is the tens digit of (-6185)/(-5)